. Suppose 3*b - 2*b = 2*h - l, 25 = 5*h + 4*b. Suppose -h*o = 5*o - 30. List the prime factors of o.
3
Let t = 9176 + 1775. List the prime factors of t.
47, 233
Suppose -25*o + 9*o + 176592 = 0. Suppose -19*g + 20826 = -o. List the prime factors of g.
3, 13, 43
Let n = 12100 - 9414. List the prime factors of n.
2, 17, 79
Suppose 4*d - 5*i = 2*d + 2132, -4*d + 3*i + 4264 = 0. Let b = d + -188. List the prime factors of b.
2, 439
Suppose 13*m - 18 = 22*m. Let c be (13 - 30) + m*(-1 - 0). Let n = 64 - c. What are the prime factors of n?
79
Let r(m) = 25*m - 10. Suppose -30 = 4*b + 14. Let l be b/(-44) - 11/(-4). List the prime factors of r(l).
5, 13
Let c = -35394 - -67348. What are the prime factors of c?
2, 13, 1229
Suppose -6*h = -2*g + 24370, -h = 3*g + 2*g - 60909. List the prime factors of g.
2, 6091
Let r be 3*3/((-9)/(-4)). Let z = 5730 + -5423. Suppose r*g - z = 33. List the prime factors of g.
5, 17
Let n(c) = c**2 + 2*c + 1. Let d = 74 + -60. List the prime factors of n(d).
3, 5
Suppose 12 = l + 2. Suppose -2*z = 4*v - 2*v - l, 13 = 5*z - v. Suppose -z*w - 4*w = -266. List the prime factors of w.
2, 19
Let k(b) = -2*b**3 - 101*b**2 + 57*b - 890. List the prime factors of k(-52).
2, 2129
Let l = 4431 + -2336. Suppose -18*j + l = -1739. What are the prime factors of j?
3, 71
Suppose 3*m - 2*m + 2*i - 14144 = 0, 2*i + 12 = 0. What are the prime factors of m?
2, 3539
Let n be (-2 - (1 + -7)) + 1 + 0. Suppose x - 4*r = -6*r + 78, 3*x + n*r = 231. List the prime factors of x.
2, 3
Suppose 1317 = 2*a - l - 10656, -4*a + 23966 = 2*l. What are the prime factors of a?
53, 113
Let y = -9837 - -24568. List the prime factors of y.
14731
Let r(m) = 836 - 2*m - 2*m + 5*m - 58*m**3 - 832. List the prime factors of r(-2).
2, 233
Suppose 36191 + 26926 = 9*q. What are the prime factors of q?
7013
Let n(h) = 18 - 13*h - 8*h - 4 + 12*h. Let t be n(-9). Let j = 161 - t. What are the prime factors of j?
2, 3, 11
Suppose 3*p - 6 = l - 5*l, -4*l - 12 = 0. Suppose 4*v - p*v + 8 = 2*i, -3*v + 6 = i. What are the prime factors of (19 + -17)/(v/89)?
2, 89
Suppose y = -2*r + 202 - 28, 3*r = y - 159. Suppose 24*m - y = 17*m. What are the prime factors of m?
2, 3
Suppose 0 = 301*y - 37*y - 8591352. List the prime factors of y.
7, 4649
Suppose 3974*f = 3993*f - 1483387. List the prime factors of f.
101, 773
Suppose 3*v = -3*w + v + 490, 4*w + 5*v - 665 = 0. Let b = 301 - w. What are the prime factors of b?
3, 47
Suppose -18*g = -16*g - 398. Suppose 0 = -4*p + 189 + 163. Let f = g - p. What are the prime factors of f?
3, 37
Let o(q) = q**3 - 20*q**2 + 19*q - 6. Let w be o(21). Let g = w - 476. What are the prime factors of g?
2, 179
Suppose -p = 5577 - 7151. What are the prime factors of p?
2, 787
Suppose -3*q - 3*k + 138 - 27 = 0, q + 5*k - 33 = 0. Suppose 315 + q = s. List the prime factors of s.
353
Suppose 3*g = 12*g - 7776. Suppose 0 = -94*b + 98*b - g. What are the prime factors of b?
2, 3
Let v(o) = o**3 + 8*o**2 + 10*o + 17. Let y be v(-7). List the prime factors of 306*6/4 - (-4 - y).
3, 17
Suppose -c + 98566 = 5*z, -2*c - 17515 - 41609 = -3*z. List the prime factors of z.
2, 7, 11
Let o = 2262 - -1210. Suppose -2*v + o = 5*v. What are the prime factors of v?
2, 31
Let t(p) = -6*p**3 - 8*p**2 - 6*p + 4. Let u be t(-15). List the prime factors of 0 + 4/(-14) - u/(-28).
2, 331
Suppose -33*s + 1126061 - 138767 = 0. List the prime factors of s.
2, 7, 2137
Let m = 42 - 14. Let u be 18/(-27) - m/(-6). What are the prime factors of u*15/80*12?
3
Let a(s) = 46*s**2 - 7. Let i be a(-2). Let h be 45/(-1)*(-5 + -3). Let z = h - i. What are the prime factors of z?
3, 61
Suppose -5*a + x + 31 = 3*x, a = -3*x + 14. Suppose 22*b - 23*b - 3*u = -65, -3*u = a*b - 313. List the prime factors of b.
2, 31
List the prime factors of (-5625345)/(-927) + (-4)/3 + 2.
3, 7, 17
Let t be -1120 + -1 + 7 + -4. Let n = 1830 + t. List the prime factors of n.
2, 89
Suppose 355 = 19*k + 222. Suppose 9429 = 5*b + k*q - 10*q, -2*b = 4*q - 3782. List the prime factors of b.
3, 17, 37
Let n be (-6)/9 - 14/(-3). Suppose -162 = -n*p - 2. List the prime factors of p.
2, 5
Let h = -5593 - -16120. List the prime factors of h.
3, 11, 29
Suppose -1976 = -p + 3*v, -268*p - v = -271*p + 5912. List the prime factors of p.
2, 5, 197
Let u(i) = -10*i - 300. Let s be u(0). Let z = 700 + s. List the prime factors of z.
2, 5
Suppose k + 60 = -2*s, 2*k - 124 = 5*s - 2*k. What are the prime factors of (-7)/s + 2889/12?
241
Suppose 3*j - 19 = -7. What are the prime factors of 994 - -11 - 4/(-8)*j?
19, 53
Suppose 0 = 10*k - 35107 - 15673. What are the prime factors of k?
2, 2539
Let f = -78 + 73. What are the prime factors of -1419*(2 + f/(-30)*-14)?
11, 43
Suppose 21*g - 663 = 8*g. Let m = 136 - g. Let z = -36 + m. List the prime factors of z.
7
Let q(d) = 51*d + 53. Let p be q(11). Suppose 0 = 9*r - 115 - p. Suppose -g = -3*x + 188, 4*g + 122 = 3*x - r. List the prime factors of x.
61
Let s = 69817 - 42567. List the prime factors of s.
2, 5, 109
Let k = 71 - 89. Let j be 9/(-3) + k/(-6). Suppose j = g - 15 - 20. List the prime factors of g.
5, 7
Let x(m) = m**3 + 8*m**2 + m + 13. Let j = 88 + -95. Let t be x(j). List the prime factors of t/11*(-2 + 27).
5
Let i(t) = 20*t**2 + 45*t + 60. List the prime factors of i(-7).
5, 29
Let t be -11*(-3 - 2 - -3). Suppose -t*w + 2054 = 448. What are the prime factors of w?
73
Let u(b) be the third derivative of b**5/20 - 7*b**4/24 + 13*b**3/6 + b**2 + 13. Let f = 14 - 7. What are the prime factors of u(f)?
3, 37
Suppose 0 = 7*x + 4*f - 123200, 592*x - 589*x = -5*f + 52777. List the prime factors of x.
2, 3, 163
Let n(h) = 18*h + 441. What are the prime factors of n(49)?
3, 7
Let o = 142 - 122. Suppose 5456 = 28*x - o*x. What are the prime factors of x?
2, 11, 31
Suppose 2*z - 40 = -40. Suppose z = -14*n - 31 - 11. What are the prime factors of (-1064)/(-12)*(n + 36/8)?
7, 19
Let f be (-9)/12*-4 - -6. Suppose -t + i + 12 = 4*i, -t - f = -4*i. Suppose -86 - 150 = -2*q + t*k, 2*q - 244 = 5*k. List the prime factors of q.
2, 7
Let w = -91 - -107. Let z be (w/12)/4 - (-20)/3. Suppose 3*a = -2*n + z*a + 268, 2*n + a - 263 = 0. What are the prime factors of n?
2, 3, 11
Suppose -2*b + 3 = -4*b + g, -2*b - 8 = -2*g. Let x be (-606)/(-4) + (-3)/6. Let h = x + b. List the prime factors of h.
2, 19
Let l(g) = -g**2 - 4*g + 4. Let d be l(-3). Let o(j) = j**3 - 7*j**2 + 2*j + 5. What are the prime factors of o(d)?
19
Let l = -2331 - -5183. What are the prime factors of l?
2, 23, 31
Suppose -87864 = -3*k - 2*c, -87864 = -3*k + 9*c - 13*c. List the prime factors of k.
2, 7, 523
Let d(c) = -11*c**2 - 88*c - 6. Let s be d(-8). List the prime factors of 3 - 1 - (-77 + 2 - s).
71
Let m = 13660 - -18893. List the prime factors of m.
3, 3617
Suppose -88664 = -4*k + 2*c, -8*k + 5*c + 110835 = -3*k. List the prime factors of k.
5, 11, 13, 31
Suppose -3*x = 8*c - 7*c - 15, -2*c = -x + 5. Suppose 4*y + 1420 = 4*d, 4*y + 1 = x. What are the prime factors of d?
2, 89
Let a be (4/(-8))/(2/(-32)). Suppose 0 = -9*x + 10*x + a. List the prime factors of (3/((-12)/x))/(4/326).
163
Let u = 259 + -257. Suppose d = 3 + 1. Suppose 0 = k - d*v - 171, -u*k + v + 314 = -0*v. List the prime factors of k.
5, 31
Suppose 16*m - 390 + 166 = 0. Suppose 5*l - s = 1, 2 - 12 = -2*l - 2*s. List the prime factors of 6*l*m/4.
3, 7
Let b = -499 - 12. Let y = 764 + b. List the prime factors of y.
11, 23
Let c(j) = 224*j**2 - 6*j - 352. What are the prime factors of c(-12)?
2, 7, 571
Suppose 3 = -3*i - 7*h + 4*h, -h = -3. Let r(k) = -7*k**3 - 6*k**2 - 10*k - 4. What are the prime factors of r(i)?
2, 97
Suppose -121 = -2*d - 59. Suppose 0 = -5*i - 79 - d. Let u = i + 46. What are the prime factors of u?
2, 3
Let a(s) = -44*s + 1036. List the prime factors of a(-49).
2, 3, 7, 19
Suppose 23*h - 37*h - 42 = 0. Let x(g) = -320*g - 8. List the prime factors of x(h).
2, 7, 17
Let c = -27317 + 63011. What are the prime factors of c?
2, 3, 661
Suppose 2*n - 3*l = 47, -5*l + l + 54 = 2*n. Let g be 2185/n + -2 - 2/5. Let m = g - 18. List the prime factors of m.
67
Let u be 1*((-2)/(-4))/(7/(-336)). List the prime factors of ((-1)/((-6)/184))/((-2)/u).
2, 23
Let j = 46458 - 31543. List the prime factors of j.
5, 19, 157
Suppose 22*r + 4